{"id":4204,"date":"2023-11-27T13:14:55","date_gmt":"2023-11-27T12:14:55","guid":{"rendered":"https:\/\/didoc.be\/product\/a-laube-de-leducation-f-corominas-2\/"},"modified":"2026-02-06T10:44:06","modified_gmt":"2026-02-06T09:44:06","slug":"a-laube-de-leducation-f-corominas-2","status":"publish","type":"product","link":"https:\/\/didoc.be\/fr\/product\/a-laube-de-leducation-f-corominas-2\/","title":{"rendered":"\u00c0 l&rsquo;aube de l&rsquo;\u00e9ducation"},"content":{"rendered":"<p>\u00c9diteur : Le Laurier (2\u00e8me trimestre 2021)<\/p>\n<p>Nombre de pages : 178<\/p>\n<p>ISBN :\u00a0978 2 86495 100 1<\/p>\n<p>Cette t\u00e2che est prenante, mais magnifique. Tout au long de ce livre, nous d\u00e9couvrons comment utiliser au mieux les \u00ab\u00a0P\u00e9riodes Sensitives\u00a0\u00bb de nos jeunes enfants, ainsi que l\u2019importance des premi\u00e8res ann\u00e9es au cours desquelles se prennent les bonnes habitudes ; puis, patiemment, sans d\u00e9faitisme, comment orienter leur potentiel, formidablement riche chez tous, vers des valeurs humaines acquises pour toujours. Enfin, une \u00e9tude d\u00e9taill\u00e9e des motivations (qui font agir parents et enfants) est indispensable, car elle permet \u00e0 l\u2019\u00e9ducateur de mieux comprendre et de corriger le cas \u00e9ch\u00e9ant.:<\/p>\n","protected":false},"excerpt":{"rendered":"<p>Nous constatons un peu partout dans les nations occidentales une profonde aspiration \u00e0 mieux \u00e9duquer nos enfants. Ce n\u2019est pas uniquement pour bien les pr\u00e9parer techniquement aux m\u00e9tiers de demain, mais c\u2019est aussi parce que nous prenons conscience que notre t\u00e2che est avant tout de les aider \u00e0 devenir des hommes et des femmes libres, audacieux et responsables.<\/p>\n","protected":false},"featured_media":1899,"comment_status":"closed","ping_status":"closed","template":"","meta":{"inline_featured_image":false},"product_brand":[],"product_cat":[50,49],"product_tag":[],"class_list":{"0":"post-4204","1":"product","2":"type-product","3":"status-publish","4":"has-post-thumbnail","6":"product_cat-francais","7":"product_cat-livres","8":"pa_auteur-f-corominas","10":"first","11":"instock","12":"taxable","13":"shipping-taxable","14":"purchasable","15":"product-type-simple"},"acf":[],"_links":{"self":[{"href":"https:\/\/didoc.be\/fr\/wp-json\/wp\/v2\/product\/4204","targetHints":{"allow":["GET"]}}],"collection":[{"href":"https:\/\/didoc.be\/fr\/wp-json\/wp\/v2\/product"}],"about":[{"href":"https:\/\/didoc.be\/fr\/wp-json\/wp\/v2\/types\/product"}],"replies":[{"embeddable":true,"href":"https:\/\/didoc.be\/fr\/wp-json\/wp\/v2\/comments?post=4204"}],"wp:featuredmedia":[{"embeddable":true,"href":"https:\/\/didoc.be\/fr\/wp-json\/wp\/v2\/media\/1899"}],"wp:attachment":[{"href":"https:\/\/didoc.be\/fr\/wp-json\/wp\/v2\/media?parent=4204"}],"wp:term":[{"taxonomy":"product_brand","embeddable":true,"href":"https:\/\/didoc.be\/fr\/wp-json\/wp\/v2\/product_brand?post=4204"},{"taxonomy":"product_cat","embeddable":true,"href":"https:\/\/didoc.be\/fr\/wp-json\/wp\/v2\/product_cat?post=4204"},{"taxonomy":"product_tag","embeddable":true,"href":"https:\/\/didoc.be\/fr\/wp-json\/wp\/v2\/product_tag?post=4204"}],"curies":[{"name":"wp","href":"https:\/\/api.w.org\/{rel}","templated":true}]}}

À l&rsquo;aube de l&rsquo;éducation

<p>Éditeur : Le Laurier (2ème trimestre 2021)</p>
<p>Nombre de pages : 178</p>
<p>ISBN : 978 2 86495 100 1</p>
<p>Cette tâche est prenante, mais magnifique. Tout au long de ce livre, nous découvrons comment utiliser au mieux les « Périodes Sensitives » de nos jeunes enfants, ainsi que l’importance des premières années au cours desquelles se prennent les bonnes habitudes ; puis, patiemment, sans défaitisme, comment orienter leur potentiel, formidablement riche chez tous, vers des valeurs humaines acquises pour toujours. Enfin, une étude détaillée des motivations (qui font agir parents et enfants) est indispensable, car elle permet à l’éducateur de mieux comprendre et de corriger le cas échéant.:</p>

<p>Nous constatons un peu partout dans les nations occidentales une profonde aspiration à mieux éduquer nos enfants. Ce n’est pas uniquement pour bien les préparer techniquement aux métiers de demain, mais c’est aussi parce que nous prenons conscience que notre tâche est avant tout de les aider à devenir des hommes et des femmes libres, audacieux et responsables.</p>
