{"id":4102,"date":"2023-11-27T13:14:19","date_gmt":"2023-11-27T12:14:19","guid":{"rendered":"https:\/\/didoc.be\/product\/les-raisons-de-la-foi-m-cabello\/"},"modified":"2024-05-23T12:19:12","modified_gmt":"2024-05-23T10:19:12","slug":"les-raisons-de-la-foi-m-cabello","status":"publish","type":"product","link":"https:\/\/didoc.be\/fr\/product\/les-raisons-de-la-foi-m-cabello\/","title":{"rendered":"Les raisons de la foi (M. Cabello)"},"content":{"rendered":"<p>Les raisons de la foi, \u00e0 l&rsquo;\u00e9preuve de la modernit\u00e9 (Manuel Cabello)<\/p>\n<p>Le Laurier, octobre 2014<\/p>\n<p>ISBN: 9 782864 953630<\/p>\n<p>190 pages<\/p>\n<p>Au XXIe si\u00e8cle, la science aurait-elle d\u00e9savou\u00e9 la foi ? Manifestement, les progr\u00e8s de la science ont modifi\u00e9 notre vision du monde. Dans de nombreux domaines (physique, g\u00e9n\u00e9tique, arch\u00e9ologie&#8230;) d&rsquo;importantes d\u00e9couvertes ont enrichi nos connaissances. Ces donn\u00e9es nouvelles viennent-elles bousculer la foi en un Dieu cr\u00e9ateur ? Que savons-nous exactement sur J\u00e9sus de Nazareth ? D&rsquo;un point de vue strictement historique, que pouvons-nous affirmer \u00e0 son sujet ? L&rsquo;\u00c9glise catholique, peut-elle encore raisonnablement pr\u00e9tendre constituer le seul lieu o\u00f9 se trouve la pl\u00e9nitude de la v\u00e9rit\u00e9 religieuse ? L&rsquo;id\u00e9e m\u00eame qu&rsquo;il existe une v\u00e9rit\u00e9 ind\u00e9pendante et ext\u00e9rieure \u00e0 nous n&rsquo;est-elle pas contraire \u00e0 l&rsquo;exercice de la libert\u00e9 humaine ?<\/p>\n<p>Autant de questions que l&rsquo;auteur aborde \u00e0 bras-le-corps en dialoguant avec des philosophes tels que Blaise Pascal, John Henry Newman, Joseph Ratzinger-Beno\u00eet XVI et de nombreux intellectuels fran\u00e7ais et \u00e9trangers venant d&rsquo;horizons disciplinaires vari\u00e9s. Un livre salutaire et profond, r\u00e9dig\u00e9 dans une langue claire et engageante.<\/p>\n<p>Manuel Cabello, n\u00e9 en 1944, a \u00e9t\u00e9 ordonn\u00e9 pr\u00eatre \u00e0 Madrid en 1973. Il est incardin\u00e9 dans la Pr\u00e9lature de l&rsquo;Opus Dei. Docteur en Sciences de l&rsquo;\u00c9ducation \u00e0 l&rsquo;Universit\u00e9 de Navarre, il a obtenu le prix extraordinaire du doctorat en Th\u00e9ologie. Apr\u00e8s avoir travaill\u00e9 de nombreuses ann\u00e9es \u00e0 Rome, il exerce son minist\u00e8re sacerdotal \u00e0 Bruxelles depuis 1991.<\/p>\n","protected":false},"excerpt":{"rendered":"<p>Dans de nombreux domaines (physique, g\u00e9n\u00e9tique, arch\u00e9ologie&#8230;) d&rsquo;importantes d\u00e9couvertes ont enrichi nos connaissances. Ces donn\u00e9es nouvelles viennent-elles bousculer la foi en un Dieu cr\u00e9ateur ? Que savons-nous exactement sur J\u00e9sus de Nazareth ?<\/p>\n","protected":false},"featured_media":1629,"comment_status":"open","ping_status":"closed","template":"","meta":{"inline_featured_image":false},"product_brand":[],"product_cat":[50,49],"product_tag":[],"class_list":{"0":"post-4102","1":"product","2":"type-product","3":"status-publish","4":"has-post-thumbnail","6":"product_cat-francais","7":"product_cat-livres","9":"first","10":"instock","11":"taxable","12":"shipping-taxable","13":"purchasable","14":"product-type-simple"},"acf":[],"_links":{"self":[{"href":"https:\/\/didoc.be\/fr\/wp-json\/wp\/v2\/product\/4102","targetHints":{"allow":["GET"]}}],"collection":[{"href":"https:\/\/didoc.be\/fr\/wp-json\/wp\/v2\/product"}],"about":[{"href":"https:\/\/didoc.be\/fr\/wp-json\/wp\/v2\/types\/product"}],"replies":[{"embeddable":true,"href":"https:\/\/didoc.be\/fr\/wp-json\/wp\/v2\/comments?post=4102"}],"wp:featuredmedia":[{"embeddable":true,"href":"https:\/\/didoc.be\/fr\/wp-json\/wp\/v2\/media\/1629"}],"wp:attachment":[{"href":"https:\/\/didoc.be\/fr\/wp-json\/wp\/v2\/media?parent=4102"}],"wp:term":[{"taxonomy":"product_brand","embeddable":true,"href":"https:\/\/didoc.be\/fr\/wp-json\/wp\/v2\/product_brand?post=4102"},{"taxonomy":"product_cat","embeddable":true,"href":"https:\/\/didoc.be\/fr\/wp-json\/wp\/v2\/product_cat?post=4102"},{"taxonomy":"product_tag","embeddable":true,"href":"https:\/\/didoc.be\/fr\/wp-json\/wp\/v2\/product_tag?post=4102"}],"curies":[{"name":"wp","href":"https:\/\/api.w.org\/{rel}","templated":true}]}}

<p>Les raisons de la foi, à l&rsquo;épreuve de la modernité (Manuel Cabello)</p>
<p>Le Laurier, octobre 2014</p>
<p>ISBN: 9 782864 953630</p>
<p>190 pages</p>
<p>Au XXIe siècle, la science aurait-elle désavoué la foi ? Manifestement, les progrès de la science ont modifié notre vision du monde. Dans de nombreux domaines (physique, génétique, archéologie&#8230;) d&rsquo;importantes découvertes ont enrichi nos connaissances. Ces données nouvelles viennent-elles bousculer la foi en un Dieu créateur ? Que savons-nous exactement sur Jésus de Nazareth ? D&rsquo;un point de vue strictement historique, que pouvons-nous affirmer à son sujet ? L&rsquo;Église catholique, peut-elle encore raisonnablement prétendre constituer le seul lieu où se trouve la plénitude de la vérité religieuse ? L&rsquo;idée même qu&rsquo;il existe une vérité indépendante et extérieure à nous n&rsquo;est-elle pas contraire à l&rsquo;exercice de la liberté humaine ?</p>
<p>Autant de questions que l&rsquo;auteur aborde à bras-le-corps en dialoguant avec des philosophes tels que Blaise Pascal, John Henry Newman, Joseph Ratzinger-Benoît XVI et de nombreux intellectuels français et étrangers venant d&rsquo;horizons disciplinaires variés. Un livre salutaire et profond, rédigé dans une langue claire et engageante.</p>
<p>Manuel Cabello, né en 1944, a été ordonné prêtre à Madrid en 1973. Il est incardiné dans la Prélature de l&rsquo;Opus Dei. Docteur en Sciences de l&rsquo;Éducation à l&rsquo;Université de Navarre, il a obtenu le prix extraordinaire du doctorat en Théologie. Après avoir travaillé de nombreuses années à Rome, il exerce son ministère sacerdotal à Bruxelles depuis 1991.</p>

<p>Dans de nombreux domaines (physique, génétique, archéologie&#8230;) d&rsquo;importantes découvertes ont enrichi nos connaissances. Ces données nouvelles viennent-elles bousculer la foi en un Dieu créateur ? Que savons-nous exactement sur Jésus de Nazareth ?</p>
