{"id":3936,"date":"2023-11-27T13:13:15","date_gmt":"2023-11-27T12:13:15","guid":{"rendered":"https:\/\/didoc.be\/product\/14-reperes-sur-la-foi-a-vidal\/"},"modified":"2024-11-26T16:35:50","modified_gmt":"2024-11-26T15:35:50","slug":"14-reperes-sur-la-foi-a-vidal","status":"publish","type":"product","link":"https:\/\/didoc.be\/fr\/product\/14-reperes-sur-la-foi-a-vidal\/","title":{"rendered":"14 rep\u00e8res sur la Foi"},"content":{"rendered":"<p style=\"text-align: left;\">Quelle est notre foi ? Quelles sont ses implications dans la vie quotidienne ? Comment approcher de cette porte qui ouvre sur la vie \u00e9ternelle? Voici des questions auxquelles l&rsquo;auteur, Alphonse Vidal, ing\u00e9nieur, docteur en th\u00e9ologie et pr\u00eatre, a voulu r\u00e9pondre. L&rsquo;objectif principal du livre est de faire grandir en nous la foi et de nous aider ainsi \u00e0 tirer le plus grand profit de l&rsquo;Ann\u00e9e de la Foi promulgu\u00e9e par Beno\u00eet XVI. S&rsquo;appuyant sur des textes de la Sainte \u00c9criture, et du Cat\u00e9chisme de l&rsquo;\u00c9glise catholique, ces m\u00e9ditations pratiques et concr\u00e8tes s&rsquo;attachent \u00e0 montrer l&rsquo;impact de la foi sur la vie quotidienne du chr\u00e9tien.<\/p>\n<p style=\"text-align: left;\">L&rsquo;abb\u00e9 Vidal exerce son minist\u00e8re \u00e0 Paris. Il pr\u00eache notamment des retraites et assure l&rsquo;accompagnement spirituel de nombreuses personnes.<\/p>\n","protected":false},"excerpt":{"rendered":"<p>Quelle est notre foi ? Quelles sont ses implications dans la vie quotidienne ? Comment approcher de cette porte qui ouvre sur la vie \u00e9ternelle? Voici des questions auxquelles l&rsquo;auteur, Alphonse Vidal, ing\u00e9nieur, docteur en th\u00e9ologie et pr\u00eatre, a voulu r\u00e9pondre. L&rsquo;objectif principal du livre est de faire grandir en nous la foi et de [&hellip;]<\/p>\n","protected":false},"featured_media":1140,"comment_status":"closed","ping_status":"closed","template":"","meta":{"inline_featured_image":false},"product_brand":[],"product_cat":[50,49],"product_tag":[],"class_list":{"0":"post-3936","1":"product","2":"type-product","3":"status-publish","4":"has-post-thumbnail","6":"product_cat-francais","7":"product_cat-livres","8":"pa_auteur-alphonse-vidal","10":"first","11":"instock","12":"taxable","13":"shipping-taxable","14":"purchasable","15":"product-type-simple"},"acf":[],"_links":{"self":[{"href":"https:\/\/didoc.be\/fr\/wp-json\/wp\/v2\/product\/3936","targetHints":{"allow":["GET"]}}],"collection":[{"href":"https:\/\/didoc.be\/fr\/wp-json\/wp\/v2\/product"}],"about":[{"href":"https:\/\/didoc.be\/fr\/wp-json\/wp\/v2\/types\/product"}],"replies":[{"embeddable":true,"href":"https:\/\/didoc.be\/fr\/wp-json\/wp\/v2\/comments?post=3936"}],"wp:featuredmedia":[{"embeddable":true,"href":"https:\/\/didoc.be\/fr\/wp-json\/wp\/v2\/media\/1140"}],"wp:attachment":[{"href":"https:\/\/didoc.be\/fr\/wp-json\/wp\/v2\/media?parent=3936"}],"wp:term":[{"taxonomy":"product_brand","embeddable":true,"href":"https:\/\/didoc.be\/fr\/wp-json\/wp\/v2\/product_brand?post=3936"},{"taxonomy":"product_cat","embeddable":true,"href":"https:\/\/didoc.be\/fr\/wp-json\/wp\/v2\/product_cat?post=3936"},{"taxonomy":"product_tag","embeddable":true,"href":"https:\/\/didoc.be\/fr\/wp-json\/wp\/v2\/product_tag?post=3936"}],"curies":[{"name":"wp","href":"https:\/\/api.w.org\/{rel}","templated":true}]}}

14 repères sur la Foi

<p style="text-align: left;">Quelle est notre foi ? Quelles sont ses implications dans la vie quotidienne ? Comment approcher de cette porte qui ouvre sur la vie éternelle? Voici des questions auxquelles l&rsquo;auteur, Alphonse Vidal, ingénieur, docteur en théologie et prêtre, a voulu répondre. L&rsquo;objectif principal du livre est de faire grandir en nous la foi et de nous aider ainsi à tirer le plus grand profit de l&rsquo;Année de la Foi promulguée par Benoît XVI. S&rsquo;appuyant sur des textes de la Sainte Écriture, et du Catéchisme de l&rsquo;Église catholique, ces méditations pratiques et concrètes s&rsquo;attachent à montrer l&rsquo;impact de la foi sur la vie quotidienne du chrétien.</p>
<p style="text-align: left;">L&rsquo;abbé Vidal exerce son ministère à Paris. Il prêche notamment des retraites et assure l&rsquo;accompagnement spirituel de nombreuses personnes.</p>

<p>Quelle est notre foi ? Quelles sont ses implications dans la vie quotidienne ? Comment approcher de cette porte qui ouvre sur la vie éternelle? Voici des questions auxquelles l&rsquo;auteur, Alphonse Vidal, ingénieur, docteur en théologie et prêtre, a voulu répondre. L&rsquo;objectif principal du livre est de faire grandir en nous la foi et de [&hellip;]</p>
